?
6
Let o = -25 + 59. Let m = 70 - o. What is the tens digit of m?
3
Suppose 2*m - 12 = -4*f, 15 = 5*f - 0*m + 2*m. Let q(c) = f + c**3 - 6*c**2 - 7*c + 0*c + 0*c. What is the units digit of q(7)?
3
Let n = -4 - -9. Let w(c) = -c**2 + 2*c - 1. Let a be w(n). Let z = 24 + a. What is the units digit of z?
8
Let z = 30 - -30. What is the units digit of z?
0
Suppose 3*m + s - 11 = 0, -m + 0*s - 8 = -2*s. What is the units digit of m/(0 + 2) - -12?
3
Let f(d) = d**3 - 9*d**2 + 7*d + 2. Suppose -8 = 2*n, n = w + 2*w - 28. Let v be f(w). Let y = 13 + v. What is the units digit of y?
7
Let o be 1*14*(-11)/(-2). Let d = -55 + o. What is the tens digit of d?
2
Let y(s) = 1 - 4*s + s**2 + 0*s + 2*s. What is the units digit of y(3)?
4
Let w(r) = 6*r + 3. Let b(i) = 3*i + 2. Let u(y) = -9*b(y) + 5*w(y). What is the units digit of u(6)?
5
Let x(b) = b**2 + b + 28. What is the tens digit of x(0)?
2
Let q(b) = -b**3 - 5*b**2 + 6*b + 4. Let h be q(-6). Suppose -3*v = 2*d + 40, 0 = -6*d + h*d + 8. Let t = v - -26. What is the units digit of t?
0
Suppose 3*g + 2 = 29. What is the units digit of g?
9
Suppose -3 = -2*c - 2*t - 7, -13 = -c + 4*t. Suppose q + 0*q - c = 0. What is the units digit of 10 + (q - (1 + 3))?
7
Let w(g) = -g**3 + 6*g**2 - 5*g + 3. Let r be w(5). Suppose -2*v = r*v - 30. Let y = v - 1. What is the units digit of y?
5
Let s = -315 - -555. What is the tens digit of s?
4
Let r(c) = -5*c + c**2 - c + 6 + c + 10*c. Let g be ((-2)/4)/(1/8). What is the units digit of r(g)?
2
Let c = -3 - -1. Suppose 7*q = 2*q + 70. What is the units digit of c/7 - (-18)/q?
1
Suppose -7*w + 3*w = -16. Suppose 100 = 4*y + w*l - 36, -l = -5*y + 200. What is the units digit of y?
9
Let l = 21 - -25. What is the tens digit of l?
4
Let j(h) = 4*h + 4*h**2 + h**2 - 2*h + 1. Let i be -1 + -1 + (-1 - -2). What is the units digit of j(i)?
4
Let f = 2 - 8. Let a be 6/(-10) + f/15. What is the units digit of 5 + (-3 - (-1 + a))?
4
Let x = 34 - -72. What is the tens digit of x?
0
Suppose -2*d + 3*d - 3*j = 17, -15 = 3*j. Suppose d*l - 6 - 1 = -p, 12 = 2*l - 4*p. What is the units digit of (2 + 1)*(l - 3)?
3
Let h(b) = 5 + 6*b + b - 2*b. Let v be h(-7). Let p = -16 - v. What is the units digit of p?
4
What is the tens digit of -59*2/(-6)*3?
5
Suppose -36 = -4*d - v, 34 = 4*d + d + 4*v. Suppose -t = t - d. What is the units digit of t?
5
Suppose -8 = 4*q - 24. Suppose -q*v = 2*n - 70, -4*n - 3*v + 161 = 31. What is the units digit of n?
1
Suppose 5*t = 2*t + 66. Let p = t - 5. What is the units digit of p?
7
Let z be 0 + (-9 - 2 - -1). Let v = z - -16. What is the units digit of v?
6
What is the units digit of (-8)/(-6)*12 + 2?
8
Let s = 64 - 29. Let h be (-120)/s - 3/(-7). Let d(r) = r**3 + 4*r**2 + r - 1. What is the units digit of d(h)?
5
Let a(c) = c**3 + 4*c**2 - 5*c. Let r be a(-5). Suppose 4 = 2*s, r*w - 5*s = -4*w + 6. Suppose w*g - 18 = 22. What is the units digit of g?
0
Let n(i) be the third derivative of i**4/24 + 7*i**3/2 + 3*i**2. What is the tens digit of n(-11)?
1
Let s(z) = -z**2 - 19*z. What is the tens digit of s(-12)?
8
What is the units digit of (-3)/12*(-952 - (7 + -3))?
9
Let m(t) = t**3 - 5*t**2 + 2*t - 4. Let i = 7 - 2. What is the units digit of m(i)?
6
What is the tens digit of (6/(-12))/(1/(-34))?
1
Suppose 0 = -3*d - d + 3*c + 181, 185 = 4*d + c. Suppose 8*x - 35 = 3*x - 2*m, 4*x - d = 2*m. What is the units digit of x?
9
Suppose 36*c = 34*c + 106. What is the units digit of c?
3
What is the units digit of (-1542)/(-15) - (-4)/20?
3
Let q(b) be the second derivative of b**3/3 - b**2/2 - 2*b. Let s be q(-1). Let y = 4 + s. What is the units digit of y?
1
Let t(q) = q**3 - 5*q**2 + 5*q - 4. Let z be t(5). Let v = 34 - z. Let a = -5 + v. What is the units digit of a?
8
Suppose 3*v - 15 = -2*v. Suppose -1 + 0 = -b + 3*i, v*b = -2*i + 14. What is the units digit of b?
4
Let s(f) = -f**3 + 10*f**2 + 13*f - 6. Let j(v) = -3*v - 1. Let r be j(-4). What is the tens digit of s(r)?
1
Suppose -5*k + 14 = -1. Suppose c = 2*q - 53, -5*q - k*c + 104 = -45. What is the tens digit of q?
2
Let l = 69 - 7. What is the tens digit of l?
6
Let y = 121 + 98. What is the tens digit of y?
1
Suppose 3*o - 88 = -o. What is the units digit of o?
2
Let l = -10 + 1. Let r = l - -14. Suppose 0 = r*x - 4 - 1. What is the units digit of x?
1
Suppose g + 3*g = 16. Suppose -3*p + 23 = 2*b, -2*p - 5*b + 15 = -g*b. What is the units digit of p?
7
Suppose -44 = 5*m - 559. What is the hundreds digit of m?
1
Suppose n + 5*x + 21 = 0, -4*x = 7*n - 3*n + 4. Suppose -n*t + 17 = -47. Let q = t + -5. What is the units digit of q?
1
Suppose -4*t = -0 - 68. Let n = 29 - t. Let u = 22 - n. What is the tens digit of u?
1
Let m(a) = -a + 7. Let s be m(5). What is the units digit of 65/10 - 1/s?
6
Let g = -51 - -83. Suppose -5*v + 3*v + s = -g, 4*v + 4*s - 76 = 0. What is the units digit of v?
7
Let z(s) = s**2 - s - 1. Let i be z(3). Suppose -a = -5*t + 16, -a + 0*a - i*t + 24 = 0. Suppose a*c - 24 = -0. What is the units digit of c?
6
Suppose 3*y + 8 - 188 = 0. Suppose -y = -8*g + 3*g. What is the tens digit of g?
1
Suppose -13*i = -18*i + 255. What is the tens digit of i?
5
Let j(x) = x**2 - 8*x + 3. What is the units digit of j(10)?
3
Let p(l) = -l**3 + 13*l**2 + 2*l + 13. What is the tens digit of p(13)?
3
Let n(h) = -h + 3. Let q be n(5). Let l = 0 - q. Suppose -3*t = 2*s - 18, 3*t - 6 = -0*s + l*s. What is the units digit of t?
4
Suppose -5*g = -3*g. Let d = 5 - g. What is the units digit of d?
5
Let s(r) be the first derivative of -2 + 4*r - 1/3*r**3 + 1/2*r**2. What is the units digit of s(0)?
4
What is the units digit of 22/198 - 3814/(-18)?
2
Suppose 0 = 2*s, -u - 6*s - 3 = -3*s. Let v(l) = -8*l - 8. Let k(g) = -39*g - 39. Let y(i) = 5*k(i) - 24*v(i). What is the units digit of y(u)?
6
Let j(p) = p**3 + 10*p**2 - 12*p + 16. What is the units digit of j(-11)?
7
Suppose 787 = 19*r - 4172. What is the tens digit of r?
6
Let m = -13 - 1. Suppose p + z - 28 = -0*p, 5*z - 114 = -4*p. Let k = m + p. What is the tens digit of k?
1
Let q = -2 - -5. Suppose -81 = -q*k - 0*k. What is the units digit of k?
7
Let v = 1 - 1. Suppose v*m = 3*m + 4*o - 36, -2*m = -o - 35. What is the units digit of m?
6
What is the tens digit of (1628/20 + 6/(-15))*2?
6
Let z = -9 + 5. Let s = z + 3. What is the units digit of -1 + s*(3 - 13)?
9
What is the units digit of (-88)/(-20) - 4/10?
4
Let h(g) = g**2 + g - 5. Suppose 3*u - 5*j - 27 = 0, -u + 2*j + 1 = 3*j. What is the tens digit of h(u)?
1
Suppose -6 = -2*z - 0*z. Suppose -z = -d - 0. Suppose -17 = -d*o + 4*r - 1, 5*o + 4*r = 16. What is the units digit of o?
4
Suppose -2*c + c = -3. Suppose -3*p + 0*p + 33 = -c*g, g = 5*p - 51. Suppose -2*b = -n + 1, b + p = 3*n + 2*b. What is the units digit of n?
3
Let u be (-5 + 4)*0/1. Let c(q) = u*q - 1 + q + q - 5. What is the units digit of c(13)?
0
Suppose -15*x = -13*x - 372. What is the units digit of x?
6
Suppose -17 + 7 = -2*x. Suppose -86 = -4*v + 2*f, x*f = -4*v - 3 + 54. Suppose 3 = -y + v. What is the units digit of y?
6
Suppose 0 = 4*a - 45 - 59. Let m = 43 - a. What is the units digit of m?
7
Let q(v) = -v**3 - 10*v**2 - 11*v + 12. What is the units digit of q(-9)?
0
Let j be 1*-4 + (-12)/(-4). Let u = j - -46. What is the tens digit of u?
4
Let o(v) be the first derivative of -v**2/2 - 5*v - 2. Let c be o(-5). What is the units digit of (-2 - -7)/(c - -1)?
5
Suppose 50 = 2*k - 0*k. Let u = k - 24. What is the units digit of u?
1
Let p(b) = -2*b**2 - 2*b - 1. Let f(l) = l**2 + 9*l - 12. Let a be f(-10). Let r be p(a). What is the units digit of ((-6)/r)/((-6)/(-40))?
8
Let c(v) = -v**3 - 5*v + 9. What is the hundreds digit of c(-5)?
1
Let h be (-100)/(-3) + (-6)/(-9). Suppose a = -h + 83. What is the units digit of a?
9
Let b(p) = -2*p - 3 - 2*p + 3*p + 1. Let n(d) = -d - 1. Let j be n(4). What is the units digit of b(j)?
3
Let j be ((-2)/(-6)*0)/(-2). Suppose z - 9 = -4*v, j = 5*z - 0*v - 3*v - 68. What is the units digit of z?
3
Suppose 0 = -8*w - 4*w + 132. Let j(y) = -y**2 + 5*y + 2. Let l be j(3). Suppose 0 = -3*k + l*k - q - w, -3*k = -5*q - 11. What is the units digit of k?
2
Suppose 0 = -3*w - p + 67, -99 - 14 = -5*w - 3*p. What is the tens digit of w?
2
Let u = 45 - 19. Let a = u + -1. What is the